 is 231 - 1?
230
In base 9, what is -10316 - 3?
-10320
In base 10, what is 5 - -2?
7
In base 13, what is 53b - 0?
53b
In base 2, what is 11100000 - 10100?
11001100
In base 15, what is 3 + 9c?
a0
In base 9, what is -54 + -7?
-62
In base 14, what is 3 + -b91?
-b8c
In base 13, what is 61 + -4?
5a
In base 5, what is 10 - -101?
111
In base 8, what is 3501 + -5?
3474
In base 10, what is -4 + 12?
8
In base 11, what is 56 - -4?
5a
In base 2, what is -11 - -100?
1
In base 6, what is 5 + -42320?
-42311
In base 2, what is -110011011010 + -100?
-110011011110
In base 4, what is 130 - -1031?
1221
In base 15, what is -4 + 9b?
97
In base 6, what is 4535 + 10?
4545
In base 7, what is 1000 + -20?
650
In base 6, what is 3 + -31?
-24
In base 7, what is 211 - 666?
-455
In base 13, what is 0 + 68?
68
In base 12, what is 5 - -a98?
aa1
In base 2, what is 110 + -1011101000?
-1011100010
In base 5, what is 14 - 2?
12
In base 10, what is -270 + -2?
-272
In base 10, what is -4 + -1881?
-1885
In base 9, what is -177 + 21?
-156
In base 12, what is -15 + 1?
-14
In base 7, what is 10213 + -1?
10212
In base 6, what is 1131 + 1?
1132
In base 4, what is -233 + 11?
-222
In base 5, what is -4 + -30311?
-30320
In base 8, what is 0 - 4573?
-4573
In base 14, what is -4c6 + 4?
-4c2
In base 13, what is -10 + -8c?
-9c
In base 9, what is 12 - 20?
-7
In base 2, what is -10000111 + -1?
-10001000
In base 11, what is -2 - 72?
-74
In base 11, what is -1 + 132?
131
In base 6, what is -1003 + -40?
-1043
In base 7, what is 13 + 15?
31
In base 6, what is -5 - -214?
205
In base 16, what is 1 - -f38?
f39
In base 10, what is -4295 + 2?
-4293
In base 13, what is -176 + -9?
-182
In base 11, what is -249a - -1?
-2499
In base 10, what is -5 + 82?
77
In base 7, what is 5 - 40?
-32
In base 16, what is 9 + -18c?
-183
In base 7, what is 46 + -516?
-440
In base 16, what is -e0 + -6?
-e6
In base 12, what is -124 + 4?
-120
In base 4, what is -21 - -13?
-2
In base 7, what is 1 - -1545?
1546
In base 8, what is -16 + -4?
-22
In base 5, what is 10 + -241323?
-241313
In base 11, what is 3 - -209?
211
In base 12, what is -13 + -11?
-24
In base 13, what is -13 - -125?
112
In base 10, what is -1 + 74?
73
In base 5, what is 10 - 44?
-34
In base 8, what is -27 + -53?
-102
In base 11, what is -5 + 99?
94
In base 4, what is -2230 + -20?
-2310
In base 16, what is -18 - 7?
-1f
In base 3, what is -20100 + 21112?
1012
In base 16, what is 1b0 + -9?
1a7
In base 5, what is 2242 + -10?
2232
In base 2, what is -1110001000000 + 0?
-1110001000000
In base 9, what is 348 + 5?
354
In base 4, what is -10 - 3102?
-3112
In base 3, what is -1 + -2112112?
-2112120
In base 13, what is 4 + -135?
-131
In base 8, what is 472 - 4?
466
In base 5, what is 0 - 114333?
-114333
In base 12, what is -380 - -1?
-37b
In base 16, what is 4 - -183?
187
In base 16, what is -50 + a?
-46
In base 16, what is 0 + 7d7?
7d7
In base 9, what is -4 + 157?
153
In base 13, what is -1469 + -5?
-1471
In base 7, what is -3144 + -3?
-3150
In base 15, what is -4 + -37?
-3b
In base 14, what is 2 - 6d?
-6b
In base 14, what is -34 - -a?
-28
In base 14, what is -3 + -22?
-25
In base 14, what is -4 - -a5?
a1
In base 7, what is 1204 + 1?
1205
In base 15, what is 55 - -2?
57
In base 3, what is 1012 - 111?
201
In base 16, what is -5 + -2d?
-32
In base 14, what is -47 + -c?
-55
In base 15, what is 4 - 15c?
-158
In base 10, what is 28 - -61?
89
In base 16, what is 10 - -16?
26
In base 14, what is 0 + -81?
-81
In base 8, what is 5 - -44?
51
In base 9, what is 3 + -57?
-54
In base 8, what is 6 + -1534?
-1526
In base 2, what is -1001010 + -11?
-1001101
In base 4, what is 3 + -10030?
-10021
In base 8, what is 61 - 34?
25
In base 10, what is -1 - 123?
-124
In base 8, what is -3507 - -1?
-3506
In base 5, what is -4 + -434?
-443
In base 8, what is -16 + -72?
-110
In base 6, what is -21 - 3?
-24
In base 11, what is -324 + 3?
-321
In base 9, what is -2863 + -3?
-2866
In base 2, what is 0 + -111101110?
-111101110
In base 4, what is 3 + -113312?
-113303
In base 13, what is 79 + -2?
77
In base 5, what is -324 - -1031?
202
In base 8, what is -75 + -45?
-142
In base 13, what is -2 - -441b?
4419
In base 15, what is 22 - 2?
20
In base 4, what is -2 + 103110?
103102
In base 9, what is -4 - 305?
-310
In base 14, what is 4 + 4b9?
4bd
In base 14, what is 1 - -340?
341
In base 6, what is 25 + -103?
-34
In base 12, what is 7 - -ba?
105
In base 13, what is -1b - 32?
-50
In base 11, what is -3 - 22?
-25
In base 6, what is 4 - -410?
414
In base 11, what is 2 - -3a?
41
In base 10, what is 4 + 6?
10
In base 11, what is 18 - 23?
-6
In base 14, what is 1 - d?
-c
In base 8, what is -15 - 20?
-35
In base 4, what is -3303 + 11?
-3232
In base 16, what is 4c + -d3?
-87
In base 3, what is -2011 + -100?
-2111
In base 13, what is 32 + 4?
36
In base 15, what is -3 - -47?
44
In base 2, what is 10 + -10100001?
-10011111
In base 2, what is 10000111 + -100?
10000011
In base 15, what is 1 - 3a?
-39
In base 15, what is 77 + -a?
6c
In base 2, what is -101100001 + -1010010?
-110110011
In base 12, what is -19b + 2?
-199
In base 15, what is -1d + -15?
-33
In base 12, what is 3 - -10?
13
In base 5, what is 10 - 300?
-240
In base 4, what is 231 - -101?
332
In base 10, what is -50 - 16?
-66
In base 2, what is 10001 - 110?
1011
In base 15, what is 3 + 6c?
70
In base 13, what is -1 - -96?
95
In base 10, what is -4533 - -2?
-4531
In base 6, what is 11351 - 10?
11341
In base 4, what is 2000012 - -2?
2000020
In base 3, what is 100200 - 2?
100121
In base 3, what is 12 + 100?
112
In base 9, what is 136 + 7?
144
In base 6, what is 1 + -112?
-111
In base 8, what is 416 + -5?
411
In base 4, what is -1001 - -21?
-320
In base 3, what is -201102 - -1?
-201101
In base 9, what is -3 - 246?
-250
In base 6, what is 15 - -533?
552
In base 14, what is -2 + -1c2?
-1c4
In base 5, what is 11302 - 4?
11243
In base 6, what is 0 - 55?
-55
In base 13, what is -5 - 0?
-5
In base 4, what is 3 + 20231?
20300
In base 11, what is 1 - 205?
-204
In base 2, what is 10000 - 101001001?
-100111001
In base 14, what is -2 + -22d?
-231
In base 16, what is 2 + -38?
-36
In base 2, what is -10 - -1000010101?
1000010011
In base 4, what is -1311 + 11?
-1300
In base 7, what is 5 - -23?
31
In base 9, what is -2582 + 14?
-2567
In base 2, what is 101 - -10101011010?
10101011111
In base 10, what is 110 - 68?
42
In base 13, what is -1 + 38?
37
In base 4, what is -210 - 12303?
-13113
In base 8, what is 725 - -4?
731
In base 16, what is -8c6 - -3?
-8c3
In base 9, what is -6537 - 3?
-6541
In base 14, what is -1d1 + 5?
-1ca
In base 4, what is -12 + -100?
-112
In base 11, what is -3 + 3a?
37
In base 2, what is 100 - 100011100?
-100011000
In base 13, what is -6 + -c18?
-c21
In base 6, what is 4 - -5005?
5013
In base 13, what is 6ba0 - 2?
6b9b
In base 16, what is -1 + 2ff?
2fe
In base 10, what is 7 - -22?
29
In base 10, what is 4038 - -2?
4040
In base 15, what is 1 - -5b2?
5b3
In base 10, what is -5 + -294?
-299
In base 5, what is -24311 - 4?
-24320
In base 6, what is 314 + -13?
301
In base 11, what is 127a + 5?
1284
In base 7, what is -10 + 120?
110
In base 3, what is -1020 + 220?
-100
In base 11, what is 2 - -53?
55
In base 14, what is 106a - 0?
106a
In base 16, what is -4b6 - 2?
-4b8
In base 7, what is 105 + 6?
114
In base 5, what is 31 + -10?
21
In base 6, what is 4 - 32510?
-32502
In base 4, what is 1133 - 1231?
-32
In base 4, what is -111210 + -1?
-111211
In base 4, what is 11123132 - 1?
11123131
In base 10, what is -488 + 20?
-468
In base 12, what is 163 - 3?
160
In base 3, what is 10 + -11102?
-11022
In base 2, what is -1001 + 110?
-11
In base 6, what is 4 + 2534?
2542
In base 15, what is -25d + -5?
-263
In base 10, what is 2 + -5?
-3
In base 15, what is 173 + -6?
16c
In base 6, what is -1 + -15?
-20
In base 8, what is -12 + 2707?
2675
In base 4, what is 3 - 222?
-213
In base 15, what is 0 + -16?
-16
In base 8, what is 126517 + -2?
126515
In base 12, what is 2 + 63?
65
In base 10, what is 1 - -238?
239
In base 4, what is -303 - -11?
-232
In base 11, what is -23 + 7?
-17
In base 8, what is 5 + -133?
-126
In base 7, what is -550 + -100?
-650
In base 7, what is 0 + -35?
-35
In base 12, what is -53 + 7?
-48
In base 9, what is 677 + -1?
676
In base 10, what is -230 + 1?
-229
In bas